 thousands digit of 870834153?
3
What is the hundreds digit of 2155211424?
4
What is the units digit of 48237759?
9
What is the hundred millions digit of 633800387?
6
What is the hundred thousands digit of 45476594?
4
What is the hundred thousands digit of 119572865?
5
What is the millions digit of 7843421?
7
What is the thousands digit of 1615062931?
2
What is the ten millions digit of 343122594?
4
What is the billions digit of 1793126170?
1
What is the ten thousands digit of 537226378?
2
What is the thousands digit of 2534354?
4
What is the hundreds digit of 617188982?
9
What is the ten thousands digit of 3039458978?
5
What is the millions digit of 10374251?
0
What is the hundred thousands digit of 23104820?
1
What is the ten thousands digit of 22040376?
4
What is the ten millions digit of 1338470137?
3
What is the thousands digit of 65847007?
7
What is the ten millions digit of 102847242?
0
What is the millions digit of 9945655?
9
What is the ten thousands digit of 1109109906?
0
What is the ten millions digit of 67496703?
6
What is the billions digit of 2484653142?
2
What is the thousands digit of 4373338265?
8
What is the hundred millions digit of 170090755?
1
What is the hundred thousands digit of 638278045?
2
What is the hundreds digit of 518333394?
3
What is the hundreds digit of 9427326?
3
What is the thousands digit of 18889929?
9
What is the ten millions digit of 35512739?
3
What is the millions digit of 842181734?
2
What is the hundred thousands digit of 3535210?
5
What is the hundred millions digit of 3667757744?
6
What is the ten millions digit of 33547143?
3
What is the hundreds digit of 107217108?
1
What is the ten millions digit of 105386585?
0
What is the tens digit of 3341086989?
8
What is the millions digit of 1361157368?
1
What is the thousands digit of 639473826?
3
What is the thousands digit of 578852809?
2
What is the ten millions digit of 152309831?
5
What is the thousands digit of 270089872?
9
What is the ten thousands digit of 28708037?
0
What is the millions digit of 817259546?
7
What is the tens digit of 271676998?
9
What is the ten thousands digit of 167363381?
6
What is the millions digit of 220806285?
0
What is the hundreds digit of 100394708?
7
What is the thousands digit of 3328465263?
5
What is the hundreds digit of 94901244?
2
What is the hundred thousands digit of 208261809?
2
What is the hundred millions digit of 294529694?
2
What is the millions digit of 51204216?
1
What is the hundreds digit of 53818838?
8
What is the tens digit of 150655984?
8
What is the thousands digit of 45375513?
5
What is the hundreds digit of 1345895561?
5
What is the billions digit of 1453310920?
1
What is the thousands digit of 386632093?
2
What is the units digit of 1952839175?
5
What is the ten thousands digit of 2946981245?
8
What is the millions digit of 64257490?
4
What is the hundred thousands digit of 2081894310?
8
What is the units digit of 1040371112?
2
What is the tens digit of 235278104?
0
What is the hundred thousands digit of 4971629337?
6
What is the units digit of 7565428397?
7
What is the units digit of 43776022?
2
What is the billions digit of 4763989572?
4
What is the ten thousands digit of 483753437?
5
What is the hundreds digit of 506625421?
4
What is the tens digit of 1461602921?
2
What is the thousands digit of 4553706989?
6
What is the units digit of 221565041?
1
What is the thousands digit of 1462454365?
4
What is the millions digit of 295322668?
5
What is the ten thousands digit of 118713336?
1
What is the hundreds digit of 331868503?
5
What is the tens digit of 1462808653?
5
What is the billions digit of 5150897507?
5
What is the units digit of 54509607?
7
What is the hundred thousands digit of 1707920?
7
What is the units digit of 44392435?
5
What is the millions digit of 1490971151?
0
What is the ten millions digit of 144237001?
4
What is the units digit of 321131600?
0
What is the ten millions digit of 272623577?
7
What is the thousands digit of 1489726070?
6
What is the tens digit of 7897347?
4
What is the hundred thousands digit of 699403418?
4
What is the hundreds digit of 449293982?
9
What is the ten thousands digit of 1940172591?
7
What is the millions digit of 4643653828?
3
What is the units digit of 7647289529?
9
What is the ten thousands digit of 970788851?
8
What is the hundreds digit of 5884217594?
5
What is the ten thousands digit of 2334887255?
8
What is the units digit of 47579194?
4
What is the hundred thousands digit of 424292951?
2
What is the hundred millions digit of 3396781622?
3
What is the units digit of 1637377577?
7
What is the hundreds digit of 67231417?
4
What is the ten millions digit of 56258415?
5
What is the millions digit of 56513980?
6
What is the hundreds digit of 44323308?
3
What is the ten thousands digit of 272924773?
2
What is the hundred millions digit of 141886027?
1
What is the millions digit of 97599910?
7
What is the ten thousands digit of 207995770?
9
What is the ten thousands digit of 51896052?
9
What is the hundreds digit of 3753793144?
1
What is the hundred thousands digit of 3749769279?
7
What is the billions digit of 1071483185?
1
What is the hundred millions digit of 185113930?
1
What is the tens digit of 28229963?
6
What is the millions digit of 70104984?
0
What is the hundred thousands digit of 47010107?
0
What is the hundred thousands digit of 266155190?
1
What is the units digit of 3255070556?
6
What is the thousands digit of 12197154?
7
What is the units digit of 50078629?
9
What is the ten thousands digit of 384415815?
1
What is the thousands digit of 7018834?
8
What is the thousands digit of 171372838?
2
What is the ten millions digit of 30960262?
3
What is the hundred millions digit of 528607423?
5
What is the tens digit of 82260968?
6
What is the units digit of 143871003?
3
What is the hundreds digit of 42207007?
0
What is the thousands digit of 4564101945?
1
What is the ten thousands digit of 238965264?
6
What is the units digit of 26793327?
7
What is the units digit of 2312348842?
2
What is the hundreds digit of 115255511?
5
What is the ten thousands digit of 104845232?
4
What is the ten millions digit of 2257207380?
5
What is the hundred thousands digit of 1652295754?
2
What is the tens digit of 2727270233?
3
What is the units digit of 208771958?
8
What is the tens digit of 3654782?
8
What is the tens digit of 7202970198?
9
What is the ten thousands digit of 5155313?
5
What is the billions digit of 8077937513?
8
What is the units digit of 29985176?
6
What is the ten millions digit of 140869296?
4
What is the hundreds digit of 15852939?
9
What is the thousands digit of 21164702?
4
What is the hundred millions digit of 106907808?
1
What is the units digit of 627024460?
0
What is the hundreds digit of 17097111?
1
What is the units digit of 427382856?
6
What is the tens digit of 991260298?
9
What is the hundred millions digit of 2022871645?
0
What is the hundred thousands digit of 388275109?
2
What is the hundred thousands digit of 460779741?
7
What is the ten millions digit of 69291408?
6
What is the ten thousands digit of 827121417?
2
What is the millions digit of 219041080?
9
What is the units digit of 3580861?
1
What is the hundred millions digit of 2401173838?
4
What is the thousands digit of 778719698?
9
What is the billions digit of 1104022974?
1
What is the millions digit of 1333065434?
3
What is the tens digit of 4010042113?
1
What is the hundred thousands digit of 7661018173?
0
What is the ten millions digit of 39339878?
3
What is the ten thousands digit of 22944141?
4
What is the units digit of 105322484?
4
What is the units digit of 1106968?
8
What is the ten millions digit of 24260712?
2
What is the billions digit of 1384278709?
1
What is the ten thousands digit of 334913130?
1
What is the thousands digit of 580767944?
7
What is the hundred millions digit of 117584384?
1
What is the tens digit of 195935817?
1
What is the hundred thousands digit of 1386093388?
0
What is the tens digit of 949805250?
5
What is the ten millions digit of 146070901?
4
What is the hundred millions digit of 467288207?
4
What is the hundred millions digit of 2259321177?
2
What is the tens digit of 64437058?
5
What is the hundred thousands digit of 131903